l = -276. What are the prime factors of l?
2, 3, 23
Suppose -64 = -4*t + 3*w, -3*t - 59 = -6*t + 5*w. Suppose 0 = t*h - 11*h. List the prime factors of (h + 7)*-1*-3.
3, 7
Let y be (-25)/(-10)*(-2)/(-5)*3. Suppose -5*d + 4*i = -27, 3*i = -y*d + 2*d - 6. What are the prime factors of d?
3
Let j = -10 + 0. What are the prime factors of (5/j)/((-2)/72)?
2, 3
Suppose -555148 = -82*q - 39*q. List the prime factors of q.
2, 31, 37
Let f(s) = -26*s + 468. List the prime factors of f(-39).
2, 3, 13, 19
Let s = 39 - 35. Let h be (-3)/6*(-14 + 0). Let u = h - s. What are the prime factors of u?
3
Let s = 34 + -30. Suppose -3*q + 196 = s*q. List the prime factors of q.
2, 7
Let m(c) = 6*c - 18. Let u be (62/4)/(3/6). Let x = -21 + u. What are the prime factors of m(x)?
2, 3, 7
Let c be ((4 - -2) + 0)*2/4. Suppose 5*u - 2*u - 324 = -c*p, 4*u + 2*p = 438. List the prime factors of u.
3, 37
Let g = 381 - -1515. List the prime factors of g.
2, 3, 79
Let i = 18 + 510. Suppose -c + 5*c - i = 0. What are the prime factors of c?
2, 3, 11
Suppose 0 = -4*k - u - 8, k - 5*u = -2*k - 6. Let z be (-4 + k)/(-12 + 10). Suppose -4*s - 5*w + 285 = 0, 196 - 536 = -5*s - z*w. List the prime factors of s.
5, 13
Let h(m) = m**3 - m**2 + m + 7. Let t be h(0). Suppose -17*l + t*l + 2470 = 0. List the prime factors of l.
13, 19
Let v be (1*-6 - -1) + 2. Let b(y) = y**2 + 5*y + 3. Let c be b(v). What are the prime factors of (6/c)/(2/(-11))?
11
Suppose -2*y = -5*s - 28, -4*y + 6*s = 3*s - 28. Suppose y*x = 325 + 203. What are the prime factors of x?
2, 3, 11
Let g = -943 - -2251. What are the prime factors of g?
2, 3, 109
Let x(j) = 5456*j - 23. What are the prime factors of x(1)?
3, 1811
Let p(r) = 27*r - 2. Let a be p(1). Suppose 0 = -f + a + 30. List the prime factors of f.
5, 11
Let h(k) be the second derivative of k**3/6 + 33*k**2/2 - 10*k. List the prime factors of h(14).
47
Suppose -4*u + 5*y + 6529 = 0, 0 = -3*u - 4*y + 9*y + 4893. What are the prime factors of u?
2, 409
Suppose 2*v + 1375 = 5*z, 2*z - z - 248 = -5*v. List the prime factors of z.
3, 7, 13
Let k(z) = 2*z + 30. Let m = -96 - -112. List the prime factors of k(m).
2, 31
Let a = 54 + 342. Suppose -428 = -8*r + a. List the prime factors of r.
103
Let l(i) be the first derivative of 14*i**3/3 - 5*i**2/2 + 7*i + 19. List the prime factors of l(-3).
2, 37
Let r = 29 + 57. Let n = r - -116. What are the prime factors of n?
2, 101
What are the prime factors of 8/(-6) + (254020/(-30))/(-13)?
2, 5, 13
List the prime factors of 1310/4*(0 - (-12)/15).
2, 131
Let w(d) = -d**3 + 9*d**2 + 2*d + 59. Let m be w(10). Let r = 2347 + -1325. What are the prime factors of (-1)/(-3) - r/m?
7
Let r(h) = -38*h + 283. What are the prime factors of r(-22)?
3, 373
Suppose -1027 = -2*r + 699. What are the prime factors of r?
863
Suppose 6*u - 8976 = -28*u. List the prime factors of u.
2, 3, 11
Let i(s) = 8*s**3 - 3*s**2 + 2*s - 1. Let k be i(2). Let f = 149 - k. What are the prime factors of f?
2, 47
Let m(f) be the second derivative of -41*f**3/6 - 13*f**2/2 - 8*f. What are the prime factors of m(-6)?
233
What are the prime factors of 41800/52 + (-8)/(-52)?
2, 3, 67
Suppose -4*k + 23 = -4*v + v, -2*v = -2*k + 14. Suppose k*x - 6 = 0, f + 3*f + 5*x - 95 = 0. What are the prime factors of f/(-30)*426/(-4)?
71
Suppose 4*h + 4*b - 2288 = 0, h = -8*b + 4*b + 578. List the prime factors of h.
2, 3, 5, 19
Suppose -5*n + 25 = 5*g, g - n = 9 + 6. Suppose -15*h = -g*h - 195. What are the prime factors of h?
3, 13
Let i(f) = 5*f + 7. Let j = 10 - 0. What are the prime factors of i(j)?
3, 19
Let m(q) = -703*q - 184. List the prime factors of m(-4).
2, 3, 73
Let l(y) = y**3 - 9*y**2 - 2*y. Let i = -21 + 30. Let b be l(i). Let f = b - -26. List the prime factors of f.
2
List the prime factors of 2331/2 - (-40)/(-80).
5, 233
Suppose -2*c + 2604 = 2*c. What are the prime factors of c?
3, 7, 31
Suppose 2*l + 5*k - 594 - 689 = 0, 5*l = -4*k + 3182. List the prime factors of l.
2, 317
Suppose 0 = -2*u + 1208 + 2450. Suppose 5*j = u - 674. What are the prime factors of j?
3, 7, 11
Let q(b) = b**3 - b**2. Let o(t) = -3*t**3 + 2*t**2 + 3*t. Let c(r) = o(r) + 4*q(r). List the prime factors of c(3).
2, 3
Suppose 5*h + l = 4*l + 478, 5*h = -3*l + 502. Let o = h + -61. What are the prime factors of o?
37
Let l = 10 - -22. Let a = -16 + l. Let i = 5 + a. List the prime factors of i.
3, 7
Let s be -5 - -4243 - 0/3. Suppose t = -2, 6*k - k = 4*t + s. List the prime factors of (-1)/(-4) + k/72.
2, 3
Let x = -10 - -10. Suppose 0 = 4*n + 3*y - x*y - 667, 0 = -2*n + 4*y + 350. List the prime factors of n.
13
Let x(u) = 225*u + 242. List the prime factors of x(5).
1367
Let l(q) = 1 + 3 + 5*q - 4 + 2. Let f be l(2). Suppose -169 = -4*m - 3*n - f, -m - 4*n = -49. List the prime factors of m.
37
Let f = 1075 - 585. What are the prime factors of f?
2, 5, 7
Let k(x) = 55*x - 3. Suppose 0 = -7*b + 5 + 9. List the prime factors of k(b).
107
Suppose -5*f + 5960 = n, -5*n - 3604 = -6*f + 3*f. List the prime factors of f.
1193
Let x(t) = 4*t + 1 - t**3 + t**3 + t**3 - 2*t**2. Suppose 12*j - 620 + 572 = 0. List the prime factors of x(j).
7
Let b = -28 - -31. Let x(m) = 18*m + 4*m**b + 9 - 24*m**2 + 10*m**2 - 3*m**3. List the prime factors of x(13).
2, 37
What are the prime factors of (-31)/155 + 1352/10?
3, 5
Let r = -114 + 118. Suppose 0 = r*k - 7*k - m + 815, 819 = 3*k + 3*m. What are the prime factors of k?
271
Suppose -f = -2*f + 2. Suppose f*p + 2 = 8. Suppose -p = -4*r + 5. List the prime factors of r.
2
Suppose 15*t = 2*t + 16562. Suppose 0*d - 5*d = 3*k - 958, 5*d - t = -4*k. List the prime factors of k.
2, 79
Let o = -26 - -32. Let s(p) = p**3 - 5*p**2 - 8*p + 8. Let g be s(o). List the prime factors of ((-102)/g)/(4/8).
3, 17
Suppose -4*j + 0 = 4. Let m be 4 - (2 - j) - -3. Suppose -3*c + m = -59. What are the prime factors of c?
3, 7
Let l(r) = 3*r**2 - 2*r + 8. Let x be l(-8). What are the prime factors of (-4 + 5 - -3) + x?
2, 5, 11
Let w = -48 + 22. Let x = 21 + w. What are the prime factors of 1/x + 1488/40?
37
What are the prime factors of -1 + 2534/3 - 52/78?
3, 281
Let t = -4242 - -6225. List the prime factors of t.
3, 661
Let n be (-2)/((-11)/(-4) - 3). Let g(z) be the third derivative of z**5/60 - z**4/3 + 2*z**3 + 4*z**2. List the prime factors of g(n).
2, 3
Let y(g) = -g**2 + 50*g - 163. List the prime factors of y(32).
7, 59
Let z be 8/(-14) - 400/(-112). Suppose 2*m = -3*s + 166, z*m - 279 = 4*s - 13. List the prime factors of m.
2, 43
Let f(v) = -7*v. Let b be f(3). Suppose -3*d + 2*c = -7*d - 22, 3*d = 4*c. Let z = d - b. List the prime factors of z.
17
Let d be (-4)/(-26) - (-16804)/(-52). Let m = -205 - d. What are the prime factors of m?
2, 59
Suppose 0 = 4*r + 3*c - 291, -3*r - 4*c = -0*c - 220. Let a = 61 - 59. Suppose -a*n + r = n. List the prime factors of n.
2, 3
Suppose 17*t - 20*t = -3*o - 1626, -3*t - 3*o = -1644. List the prime factors of t.
5, 109
Suppose -3*g = -2*k - 1, 0 = g + g + 4*k - 6. Let z = 48 + -93. List the prime factors of 11 - 9 - z*g.
47
Let s(g) = -172*g**3 + 3*g**2 + 15*g + 20. List the prime factors of s(-2).
2, 13, 53
Let t = 23 + -20. Suppose t*i = g - 8, i + 7 = -g - 3*g. What are the prime factors of 37 + -8 - (g - -2)?
2, 7
Let d = -217 + 316. Suppose 0 = w + 35 - d. What are the prime factors of w?
2
What are the prime factors of (7 - (7 + -5 + 0)) + 70?
3, 5
Let s(n) = 174*n + 39. What are the prime factors of s(6)?
3, 19
Let o = 4 - 0. Suppose -o*p + 5 = -3. Suppose -5*w - r + 3*r = -32, p*r - 24 = -2*w. List the prime factors of w.
2
Suppose 5*f - 46*f + 129601 = 0. List the prime factors of f.
29, 109
Let j(p) = p**3 + 5*p**2 + 15*p + 6. List the prime factors of j(8).
2, 479
Suppose 0 = -2*c + 4*c - 6. Suppose 549 = 5*r + 3*y, y + c*y = 12. What are the prime factors of r?
2, 3
Let v = 664 + -254. Let r = -255 + v. What are the prime factors of r?
5, 31
Let b(c) = -c**2 + 81*c + 199. What are the prime factors of b(47)?
3, 599
Suppose 6*f - 2*f = m + 4837, -2*f = -4*m - 2436. List the prime factors of f.
2, 151
Let z(o) = -20*o + 108. What are the prime factors of z(-10)?
2, 7, 11
Suppose 0*y + 155 = 5*y. Suppose 0 = -5*k - y + 1. List the prime factors of k/5*90/(-4).
3
Suppose -5*s + g + 3045 = 102, -3*g 